*v - 1. Let f = 7 + -5. What is the remainder when a(2) is divided by x(f)?
5
Let j(c) = -6*c**2 - 2*c - 3 - c**2 + c**3 + 4*c**2. Calculate the remainder when 9 is divided by j(4).
4
Let h = 31 + -2. Suppose -f + s + 20 - 6 = 0, 40 = 2*f - 5*s. Calculate the remainder when h is divided by f.
9
Let x(g) = g**2 - 2*g - 1. Let k be x(2). Let v(w) be the second derivative of 23*w**4/6 + w**2/2 - 3*w. Calculate the remainder when v(k) is divided by 16.
15
Let o = -6 + 9. Suppose 0 = 2*q - q - 2*p - o, 4*q - 2*p = 18. What is the remainder when q is divided by 4?
1
Suppose 5*b + g = 106 + 51, -134 = -4*b - 5*g. Calculate the remainder when b is divided by 17.
14
Suppose 2 = 2*d - 10. Calculate the remainder when (-93)/(-5) - d/(-15) is divided by 5.
4
Suppose -2*o - 30 = -4*u, o + 8 = 4*u - 17. Calculate the remainder when 18 is divided by u.
3
Suppose 4*a = 3*a. Suppose a = -2*v + 3 - 1. What is the remainder when 2 is divided by v?
0
Suppose 3*d - m = 8 + 4, -4*d + 2*m + 14 = 0. Calculate the remainder when d is divided by 16/(-24) + 1/(-3) - -4.
2
Let n(h) = -1 + 0 - 5 + 3*h. What is the remainder when n(4) is divided by 3?
0
Let c = 43 - 24. Calculate the remainder when c is divided by 10.
9
Let j = -23 + 29. Calculate the remainder when 28 is divided by j.
4
Suppose 6*m - 27 = 3*m. Let c = -5 + m. Calculate the remainder when c is divided by 3.
1
Suppose 0 = h - 26 + 17. What is the remainder when 26 is divided by h?
8
Let k(j) = 8*j + 2. Calculate the remainder when 50 is divided by k(2).
14
Let u(w) = 8*w**3 - w**2 - 2*w + 1. What is the remainder when u(2) is divided by 20?
17
Let x(k) = 12*k - 14*k + 1 - 15. Calculate the remainder when 14 is divided by x(-9).
2
Let b be -7*1/((-2)/2). Let u(k) = -15*k + 50. Let v(p) = -3*p + 10. Let z(l) = 2*u(l) - 11*v(l). Calculate the remainder when 32 is divided by z(b).
10
What is the remainder when 47 is divided by 420/26 + 10/(-65)?
15
Suppose -5*n + 15 = -75. Let h = n + -10. Let c(j) = 23*j**3 + j**2 - 1. Calculate the remainder when c(1) is divided by h.
7
Let f(v) = 15*v**2 + 5*v + 10. Calculate the remainder when f(-2) is divided by 17.
9
Suppose -4*t = -62 - 22. Suppose q - 3*h = 86, -2*q + 195 = h + 30. What is the remainder when q is divided by t?
20
Let h be (0/(-3))/(-3) + -59. Let a = 107 + h. Suppose 0*n = -3*n + a. Calculate the remainder when 46 is divided by n.
14
Let h(q) = q**3 - 6*q**2 + 5*q + 3. Let a(j) = -j - 6. Calculate the remainder when h(5) is divided by a(-8).
1
Let f(m) = -m**2 + 6*m + 1. Let t be f(5). Let g = t + -5. Suppose 0*n + 4*n - 4 = 0. Calculate the remainder when g is divided by n.
0
Let l(f) = f + 6. What is the remainder when 58 is divided by l(9)?
13
Let g be ((-3)/6)/((-1)/4). Suppose -2*l + 32 = 2*m, 3*m + g*l - 58 = -m. What is the remainder when m is divided by 4?
1
Suppose -v = v. Suppose -9*x + 3*x + 132 = v. Calculate the remainder when x is divided by 12.
10
Suppose y + 2*i = -20, 3*y + 35 = 2*y + 3*i. Let r = y + 44. Calculate the remainder when 35 is divided by r.
17
Suppose 34 = 5*z + 4. Suppose 16 = 4*r - 0*r. What is the remainder when z is divided by r?
2
Suppose -3*m + 2*d - 19 = 0, 2*m + 18 = 6*d - 2*d. Let g = m + 14. What is the remainder when g is divided by (1 - 2)/(5/(-25))?
4
Let q = 35 - 30. Suppose -q*b + 117 = -38. Suppose 0*g + 55 = 5*g. Calculate the remainder when b is divided by g.
9
Suppose -2*u + 36 = -0*u. Let d = -5 + 12. Calculate the remainder when u/(1/((-2)/(-2))) is divided by d.
4
Let c(w) = -31*w**3 + 2*w**2 + 2*w + 1. Suppose -4*t + r + 8 = -3*r, -3*t - 6 = r. What is the remainder when 61 is divided by c(t)?
29
Let u = 4 - -2. Suppose -3*j = -u*j + 27. Calculate the remainder when 34 is divided by j.
7
Suppose 0 = -3*h - g + 23, -h - 4*g + 3*g = -9. Suppose 2*x - x = 3*s - 9, 5*x = -15. What is the remainder when h is divided by s?
1
Suppose -4*d + 76 = -0*d. Let j = d - 0. Calculate the remainder when 36 is divided by j.
17
Let o be (-6)/(-4)*(1 - -1). Suppose 0 = -o*l + 5 + 13. What is the remainder when l is divided by (1*(-2)/4)/(102/(-816))?
2
Let w(p) = p**3 + 2*p - 3*p + 2*p**3. Let h be w(-1). Let a(q) = -2*q**3 - 3*q**2 - 2*q - 3. Calculate the remainder when a(h) is divided by 3.
2
What is the remainder when (58 - 2) + 8/4 is divided by 20?
18
Let m(j) = -16*j**2 - j + 1. Let w be m(1). Let q be (-4)/6*(-351)/6. Let h = w + q. What is the remainder when h is divided by 8?
7
Suppose -28 - 47 = -3*j. Suppose 4*c + 53 + 99 = 3*l, 3*l - 134 = -5*c. Calculate the remainder when l is divided by j.
23
Suppose -10*s + 3 = -9*s. Suppose -y + 96 = 5*t, -48 = -3*t + t + 2*y. Let h = t + -12. What is the remainder when h is divided by s?
2
Let t = 70 - 43. What is the remainder when t is divided by 10?
7
Suppose 0 = -2*h, 3*h + 112 = 5*i - i. Calculate the remainder when i is divided by 10.
8
Let c(a) = a**2 - a - 1. Let i be c(-5). Suppose -91 = -5*u + i. Calculate the remainder when u is divided by 13.
11
Let x(t) = -t**2 - 13*t + 8. Let y(u) = u**2 + 13*u - 8. Let a(d) = 3*x(d) + 4*y(d). What is the remainder when 15 is divided by a(-14)?
3
Suppose 3*j + 27 = p + j, 2*j - 87 = -5*p. What is the remainder when 65 is divided by p?
8
Suppose 4*c + 4*m = 40, -86 + 28 = -5*c - m. What is the remainder when 23 is divided by c?
11
Let z = -104 - -150. Calculate the remainder when z is divided by 24.
22
Let q(k) = 8*k - 10. Calculate the remainder when q(4) is divided by 4.
2
Let o = -6 - -24. Suppose 3*d = 2*i + 8*d - o, 2*d - 6 = -2*i. What is the remainder when i/((-2)/26*1) is divided by 5?
3
Let s(x) = 7 + 3*x - 2*x + x - 4*x. Calculate the remainder when s(-9) is divided by 9.
7
Let u = 189 - 135. What is the remainder when u is divided by 19?
16
Suppose -12*k + 17*k = 160. What is the remainder when k is divided by 7?
4
Let o be ((-15)/6)/(2/(-20)). Suppose 0 = -5*m - o, -y - y = 4*m + 12. Calculate the remainder when (56/32)/(1/4) is divided by y.
3
Let o be 4/(-22) - 256/44. Let n = -33 + 52. What is the remainder when (-3)/9 + (-218)/o is divided by n?
17
What is the remainder when 13 is divided by 6/(-27) - (-148)/18?
5
Let d(s) = -s + 19. What is the remainder when 48 is divided by d(-7)?
22
Suppose 7 = -4*r - 9. Let z(p) = p + 9. What is the remainder when (9/(-2))/(2/(-4)) is divided by z(r)?
4
Suppose 5 = 2*r - 15. What is the remainder when 19 is divided by r?
9
Let g(v) = -v - 1. Let i be g(-6). Suppose -a - i*k + 27 = 0, 0*k = a + k - 23. Suppose 2*y = 3*y - a. Calculate the remainder when 64 is divided by y.
20
Let p(v) = 2*v**2 - 2*v + 2. What is the remainder when 53 is divided by p(3)?
11
Suppose 5*h - 13 - 7 = 0. What is the remainder when 11 is divided by h?
3
Suppose -4*a + 785 - 125 = 0. Suppose 2*h - 5*h = -a. Let b = -8 + h. What is the remainder when b is divided by 16?
15
Suppose -5*i + 10*i - 15 = 0. Let m = 1 + i. Suppose 0*t = 2*t - 6. What is the remainder when m is divided by t?
1
Calculate the remainder when 48 is divided by (2/(-8))/(2/(-136)).
14
Let l = 9 + -1. Let q(k) = -4*k - l*k - 5*k + 0*k. What is the remainder when 33 is divided by q(-1)?
16
Suppose 1 + 7 = 3*k + 4*i, 5*k = 3*i + 23. What is the remainder when 5 is divided by k?
1
Let n = -86 - -156. What is the remainder when -2*(-3 - n/4) is divided by 11?
8
Calculate the remainder when 47 is divided by ((-24)/18)/(2/(-12)).
7
Let i = -107 + 240. What is the remainder when i is divided by 34?
31
Suppose -3*y - 113 = -125. Suppose 4*w - 59 = 3*o, 4*o = -3*w - 0*o + 38. Calculate the remainder when w is divided by y.
2
Let i be ((-1)/(-2))/((-2)/(-16)). Let m = i - 3. Suppose -16 = -19*x + 3. Calculate the remainder when x is divided by m.
0
Let l be 2/6*3 - -2. Let w = 6 + l. Calculate the remainder when w is divided by 3.
0
Suppose -2*o + 39 = w, -4*o - 225 = -5*w + o. Calculate the remainder when w is divided by 15.
13
Let x = 326 - -338. Suppose 4*y - 2*v - x = -6*v, 0 = 3*v. Suppose 52 = -3*f + y. What is the remainder when f is divided by 10?
8
Suppose 4*z + 109 = 5*s - 274, 4*s + 4*z = 328. What is the remainder when s is divided by (4 - 1) + 22 + -5?
19
Let o = -7 - -19. Let v(t) = -t**2 + 2. Let h be v(0). Suppose 2*g - 71 = -5*c, -3*g + c + 54 = -h*c. Calculate the remainder when g is divided by o.
11
Let z be 2/